84.
4
Calculate the highest common divisor of 84 and 10426476.
12
Calculate the highest common factor of 1567330 and 70.
10
What is the greatest common divisor of 18 and 15096894?
6
Calculate the highest common factor of 30914 and 1591694.
754
What is the greatest common factor of 3465 and 210078?
99
What is the highest common factor of 850 and 71728450?
50
What is the highest common divisor of 6725997 and 27990?
2799
Calculate the greatest common divisor of 294 and 5788174.
98
Calculate the highest common factor of 23491 and 175974.
139
Calculate the highest common factor of 673416 and 19928.
376
Calculate the highest common divisor of 238445357 and 53.
53
Calculate the highest common divisor of 1061017 and 4009.
19
What is the highest common factor of 450212 and 1851382?
4594
Calculate the greatest common divisor of 40 and 177090300.
20
What is the greatest common divisor of 18928 and 260572?
52
What is the highest common divisor of 64 and 1321272672?
32
What is the greatest common factor of 1155 and 2326635465?
1155
What is the highest common factor of 12827184 and 192?
48
Calculate the greatest common factor of 2248574 and 74119.
893
Calculate the greatest common factor of 1698837 and 672.
21
Calculate the highest common factor of 3440257 and 9357.
3119
What is the greatest common factor of 12 and 8988654?
6
Calculate the highest common divisor of 736069829 and 86.
43
What is the greatest common divisor of 21092 and 207160?
4
Calculate the greatest common factor of 98519265 and 1755.
585
Calculate the highest common factor of 35934 and 664673.
53
What is the greatest common factor of 8 and 287513144?
8
Calculate the greatest common divisor of 2103 and 89521906.
701
What is the greatest common factor of 1245951 and 10563?
21
What is the greatest common divisor of 4765998 and 1782?
6
What is the highest common divisor of 115614 and 34236?
54
Calculate the highest common factor of 159 and 48638683.
53
Calculate the highest common divisor of 696251735 and 365.
365
Calculate the highest common factor of 61246 and 130080.
542
Calculate the highest common factor of 5 and 4446255.
5
Calculate the highest common divisor of 666 and 56659210.
74
Calculate the greatest common factor of 175587389 and 647.
647
Calculate the greatest common divisor of 27808 and 18028384.
352
What is the highest common divisor of 925584 and 1078?
22
What is the highest common divisor of 238110 and 580?
10
What is the greatest common factor of 464 and 8940304?
16
What is the greatest common divisor of 3867750 and 1242?
54
Calculate the highest common divisor of 488880 and 333585.
315
What is the highest common factor of 102667816 and 27432?
1016
What is the greatest common divisor of 8544 and 4648224?
96
Calculate the highest common factor of 1252393113 and 4997.
4997
Calculate the greatest common divisor of 322707 and 682752.
2667
Calculate the greatest common factor of 6772731 and 84.
21
What is the highest common factor of 391 and 17116501?
17
Calculate the greatest common factor of 435607 and 15529.
53
What is the greatest common factor of 466292340 and 531?
531
Calculate the highest common factor of 2300 and 68507156.
92
Calculate the greatest common divisor of 223597 and 6523.
11
Calculate the highest common factor of 68405484 and 1428.
1428
What is the greatest common factor of 9081785 and 3480?
145
What is the greatest common divisor of 106 and 32428580?
106
What is the greatest common divisor of 4945 and 55536306?
989
What is the highest common divisor of 1017975 and 11025?
3675
Calculate the greatest common divisor of 220084 and 1108.
4
Calculate the greatest common factor of 270 and 43802262.
54
Calculate the highest common divisor of 10611280 and 415.
5
What is the highest common factor of 47373834 and 9513?
453
Calculate the highest common divisor of 1399675 and 1225.
25
What is the greatest common factor of 336 and 6270320?
112
Calculate the highest common factor of 1207342263 and 6663.
6663
What is the greatest common factor of 542144498 and 1036?
518
Calculate the highest common divisor of 4863852 and 56448.
252
Calculate the greatest common factor of 376502 and 1484.
14
Calculate the highest common factor of 10530 and 7043166.
702
Calculate the highest common factor of 6050 and 121664290.
1210
Calculate the highest common divisor of 611760 and 22520.
40
What is the highest common divisor of 16469 and 4319393?
43
What is the highest common factor of 6816 and 57066?
6
Calculate the greatest common factor of 15209216 and 880.
176
What is the highest common divisor of 1256560 and 639015?
565
What is the greatest common factor of 225361600 and 29050?
4150
Calculate the highest common divisor of 12536478 and 1376.
86
Calculate the greatest common factor of 4320 and 2062080.
1440
What is the highest common factor of 438 and 92289009?
219
What is the highest common factor of 1335 and 3702465?
15
Calculate the greatest common factor of 8406090 and 594.
198
Calculate the highest common factor of 153 and 3382014.
51
Calculate the highest common divisor of 962140 and 27010.
730
Calculate the highest common factor of 301 and 10546606.
7
Calculate the greatest common factor of 4564 and 671397.
163
Calculate the greatest common divisor of 8882768 and 24.
8
What is the highest common divisor of 257637 and 11775?
471
What is the highest common factor of 252 and 1881260?
4
Calculate the greatest common divisor of 191236352 and 512.
256
What is the highest common factor of 333676572 and 24?
12
Calculate the greatest common divisor of 40654889 and 1672.
209
What is the greatest common divisor of 6314390 and 4030?
310
What is the greatest common divisor of 8222655 and 8715?
105
What is the highest common factor of 177135 and 6?
3
Calculate the greatest common factor of 783156 and 449988.
132
Calculate the highest common factor of 6755880 and 1910.
10
Calculate the highest common factor of 67 and 26851.
1
What is the highest common factor of 39 and 7843667?
13
What is the highest common factor of 152015024 and 112?
112
Calculate the greatest common divisor of 21858885 and 1305.
45
What is the highest common factor of 1529311 and 27580?
1379
What is the greatest common divisor of 26870 and 64506809?
2687
What is the highest common divisor of 1498395 and 5539?
191
Calculate the highest common factor of 58 and 4279186.
2
Calculate the highest common factor of 542 and 3491293.
271
What is the greatest common factor of 48719088 and 360?
72
What is the highest common divisor of 275674727 and 118?
59
What is the greatest common factor of 45945 and 18045?
45
Calculate the greatest common factor of 2376 and 272888.
88
Calculate the highest common divisor of 1332 and 142783074.
666
Calculate the highest common factor of 100841316 and 14796.
1644
What is the greatest common factor of 234 and 1141049?
13
Calculate the greatest common factor of 1392 and 1788981.
87
Calculate the greatest common divisor of 183527450 and 400.
50
What is the highest common factor of 177440 and 93920?
160
Calculate the highest common factor of 444 and 512628.
12
Calculate the highest common divisor of 6 and 262001220.
6
What is the greatest common divisor of 91063337 and 93?
31
What is the greatest common factor of 171 and 328563?
9
What is the highest common divisor of 155964 and 1374648?
492
Calculate the greatest common divisor of 102 and 821828552.
34
Calculate the highest common divisor of 306512 and 7048.
8
Calculate the highest common factor of 360686595 and 11590.
5795
What is the greatest common divisor of 11596 and 6896944?
892
What is the highest common divisor of 13644314 and 5706?
634
Calculate the greatest common factor of 806546117 and 13.
13
What is the highest common factor of 17935525 and 2318?
1159
What is the greatest common factor of 625493 and 7575?
101
Calculate the greatest common divisor of 30 and 81748785.
15
What is the highest common divisor of 1174956 and 9288?
12
Calculate the greatest common factor of 500 and 25345750.
250
Calculate the highest common factor of 6743 and 293139.
11
What is the greatest common factor of 1195945 and 68105?
265
What is the highest common divisor of 1012 and 14032898?
506
What is the highest common factor of 1423254 and 54796?
1442
What is the gre